{"version":"1.0","provider_name":"webdo","provider_url":"https:\/\/www.webdo.tn\/fr","title":"Cannes 2023 \u2013 Quatre Prix des Critiques Arabes pour trois films tunisiens","type":"rich","width":600,"height":338,"html":"<blockquote class=\"wp-embedded-content\" data-secret=\"qNu5GtRn1E\"><a href=\"https:\/\/www.webdo.tn\/fr\/actualite\/culture\/cannes-2023-6\/205915\/\">Cannes 2023 \u2013 Quatre Prix des Critiques Arabes pour trois films tunisiens<\/a><\/blockquote><iframe sandbox=\"allow-scripts\" security=\"restricted\" src=\"https:\/\/www.webdo.tn\/fr\/actualite\/culture\/cannes-2023-6\/205915\/embed\/#?secret=qNu5GtRn1E\" width=\"600\" height=\"338\" title=\"\u00ab\u00a0Cannes 2023 \u2013 Quatre Prix des Critiques Arabes pour trois films tunisiens\u00a0\u00bb &#8212; webdo\" data-secret=\"qNu5GtRn1E\" frameborder=\"0\" marginwidth=\"0\" marginheight=\"0\" scrolling=\"no\" class=\"wp-embedded-content\"><\/iframe><script type=\"text\/javascript\">\n\/* <![CDATA[ *\/\n\/*! This file is auto-generated *\/\n!function(d,l){\"use strict\";l.querySelector&&d.addEventListener&&\"undefined\"!=typeof URL&&(d.wp=d.wp||{},d.wp.receiveEmbedMessage||(d.wp.receiveEmbedMessage=function(e){var t=e.data;if((t||t.secret||t.message||t.value)&&!\/[^a-zA-Z0-9]\/.test(t.secret)){for(var s,r,n,a=l.querySelectorAll('iframe[data-secret=\"'+t.secret+'\"]'),o=l.querySelectorAll('blockquote[data-secret=\"'+t.secret+'\"]'),c=new RegExp(\"^https?:$\",\"i\"),i=0;i<o.length;i++)o[i].style.display=\"none\";for(i=0;i<a.length;i++)s=a[i],e.source===s.contentWindow&&(s.removeAttribute(\"style\"),\"height\"===t.message?(1e3<(r=parseInt(t.value,10))?r=1e3:~~r<200&&(r=200),s.height=r):\"link\"===t.message&&(r=new URL(s.getAttribute(\"src\")),n=new URL(t.value),c.test(n.protocol))&&n.host===r.host&&l.activeElement===s&&(d.top.location.href=t.value))}},d.addEventListener(\"message\",d.wp.receiveEmbedMessage,!1),l.addEventListener(\"DOMContentLoaded\",function(){for(var e,t,s=l.querySelectorAll(\"iframe.wp-embedded-content\"),r=0;r<s.length;r++)(t=(e=s[r]).getAttribute(\"data-secret\"))||(t=Math.random().toString(36).substring(2,12),e.src+=\"#?secret=\"+t,e.setAttribute(\"data-secret\",t)),e.contentWindow.postMessage({message:\"ready\",secret:t},\"*\")},!1)))}(window,document);\n\/\/# sourceURL=https:\/\/www.webdo.tn\/fr\/wp-includes\/js\/wp-embed.min.js\n\/* ]]> *\/\n<\/script>\n","thumbnail_url":"https:\/\/www.webdo.tn\/fr\/wp-content\/uploads\/2023\/05\/476aa6c0bc4bf3962fca83ff63fcfb27.jpeg","thumbnail_width":750,"thumbnail_height":400,"description":"C\u2019est lors d\u2019une c\u00e9r\u00e9monie organis\u00e9e en marge de la 76\u00e8me \u00e9dition du Festival de Cannes, et plus pr\u00e9cis\u00e9ment le 20 mai \u00e0 la Plage des Palmes, que le Centre du C..."}

C’est lors d’une cérémonie organisée en marge de la 76ème édition du Festival de Cannes, et plus précisément le 20 mai à la Plage des Palmes, que le Centre du C...
